f 4383747044.
2, 3329, 329209
List the prime factors of 193346284.
2, 48336571
List the prime factors of 1561199270.
2, 5, 53, 2945659
List the prime factors of 573135430.
2, 5, 7, 71, 115319
List the prime factors of 56250433.
17, 23, 293, 491
List the prime factors of 3248179.
11, 71, 4159
What are the prime factors of 2691861336?
2, 3, 4154107
What are the prime factors of 509382323?
1483, 343481
What are the prime factors of 459218156?
2, 43, 2669873
List the prime factors of 5175625780.
2, 5, 13, 337, 59069
What are the prime factors of 4506724458?
2, 3, 167, 1499243
List the prime factors of 220216778.
2, 29, 1567, 2423
List the prime factors of 40230659.
7, 61, 71, 1327
What are the prime factors of 89812420?
2, 5, 29, 154849
What are the prime factors of 476132115?
3, 5, 19, 1670639
What are the prime factors of 360881440?
2, 5, 17, 19, 6983
List the prime factors of 139930951.
113, 1238327
What are the prime factors of 169401192?
2, 3, 17, 67, 6197
List the prime factors of 57367971.
3, 6374219
List the prime factors of 70195690.
2, 5, 19, 41, 9011
List the prime factors of 350589372.
2, 3, 7, 4173683
List the prime factors of 145667964.
2, 3, 13, 37, 25237
What are the prime factors of 4314779798?
2, 7, 103, 2992219
What are the prime factors of 1112542823?
7, 1723, 92243
List the prime factors of 329460077.
329460077
What are the prime factors of 444372556?
2, 61, 163, 11173
What are the prime factors of 534678720?
2, 3, 5, 556957
What are the prime factors of 670550739?
3, 31, 47, 153409
What are the prime factors of 87380905?
5, 19, 919799
List the prime factors of 167655968.
2, 43, 121843
What are the prime factors of 2052255578?
2, 97, 10578637
List the prime factors of 59148172.
2, 3089, 4787
List the prime factors of 807213426.
2, 3, 53, 2538407
List the prime factors of 144769143.
3, 48256381
What are the prime factors of 72587039?
7, 73, 142049
What are the prime factors of 593581869?
3, 19, 271, 12809
List the prime factors of 25866231.
3, 17, 29, 17489
What are the prime factors of 31989705?
3, 5, 11, 193877
List the prime factors of 1709718378.
2, 3, 5573, 51131
What are the prime factors of 269439015?
3, 5, 47, 53, 7211
List the prime factors of 16409725.
5, 656389
List the prime factors of 79271201.
79271201
What are the prime factors of 240773702?
2, 13, 641, 14447
What are the prime factors of 451249243?
157, 18307
What are the prime factors of 15085821?
3, 5028607
What are the prime factors of 240065638?
2, 120032819
What are the prime factors of 242319629?
242319629
What are the prime factors of 226417552?
2, 31, 479, 953
What are the prime factors of 3560174965?
5, 37, 373, 51593
What are the prime factors of 192658862?
2, 11, 31, 61, 421
What are the prime factors of 10348678?
2, 37, 109, 1283
What are the prime factors of 2748516630?
2, 3, 5, 19, 1129, 4271
What are the prime factors of 2019837233?
1609, 1255337
What are the prime factors of 106784807?
19, 617, 9109
What are the prime factors of 5672916481?
421, 13474861
List the prime factors of 91847335.
5, 461, 39847
List the prime factors of 121593193.
101, 1203893
What are the prime factors of 237242665?
5, 11, 4313503
List the prime factors of 747926149.
747926149
What are the prime factors of 28653890?
2, 5, 67, 42767
What are the prime factors of 1342942701?
3, 29, 131, 117833
What are the prime factors of 3014378580?
2, 3, 5, 50239643
List the prime factors of 2761077827.
2761077827
List the prime factors of 79376502.
2, 3, 17, 778201
List the prime factors of 867204009.
3, 7, 347, 1889
List the prime factors of 37153175.
5, 41, 67, 541
List the prime factors of 674353155.
3, 5, 7, 2267, 2833
List the prime factors of 1166812821.
3, 129645869
What are the prime factors of 20165587?
13, 17, 7019
List the prime factors of 4060519764.
2, 3, 7, 48339521
List the prime factors of 13389138.
2, 3, 7, 11807
What are the prime factors of 1449701566?
2, 449, 1614367
List the prime factors of 49117466.
2, 23, 73, 14627
What are the prime factors of 241188987?
3, 13, 109, 56737
List the prime factors of 1010914407.
3, 37, 3035779
What are the prime factors of 46271031?
3, 461, 33457
What are the prime factors of 913953351?
3, 5801, 52517
List the prime factors of 2987482697.
3467, 861691
What are the prime factors of 40443359?
11, 47, 137, 571
List the prime factors of 286049388.
2, 3, 29, 317, 2593
What are the prime factors of 98252077?
7, 11, 1276001
What are the prime factors of 24501499?
11, 2227409
What are the prime factors of 182148913?
29, 89, 70573
List the prime factors of 308516277.
3, 102838759
What are the prime factors of 20998368?
2, 3, 72911
What are the prime factors of 622724897?
622724897
List the prime factors of 140085240.
2, 3, 5, 137, 8521
What are the prime factors of 1530482873?
12583, 121631
What are the prime factors of 246691570?
2, 5, 24669157
What are the prime factors of 2412083358?
2, 3, 3209, 41759
What are the prime factors of 91799627?
37, 157, 15803
List the prime factors of 353817405.
3, 5, 7862609
What are the prime factors of 65687804?
2, 7, 13, 113, 1597
List the prime factors of 382645678.
2, 191322839
List the prime factors of 369991696.
2, 31, 745951
What are the prime factors of 13022744?
2, 7, 232549
List the prime factors of 43747654.
2, 167, 130981
What are the prime factors of 756218496?
2, 3, 11, 179029
What are the prime factors of 102867602?
2, 51433801
What are the prime factors of 5237145402?
2, 3, 23, 1471, 25799
What are the prime factors of 326741980?
2, 5, 2351, 6949
List the prime factors of 65428688.
2, 13, 24197
List the prime factors of 593490646.
2, 7, 6056027
What are the prime factors of 109182309?
3, 71, 512593
List the prime factors of 86830975.
5, 7, 11, 43, 1049
What are the prime factors of 124225564?
2, 3253, 9547
List the prime factors of 400015952.
2, 7, 1867, 1913
List the prime factors of 195792495.
3, 5, 13052833
What are the prime factors of 6338832?
2, 3, 132059
What are the prime factors of 26471410?
2, 5, 7, 378163
List the prime factors of 21269622.
2, 3, 11, 29297
What are the prime factors of 156063789?
3, 7, 79, 31357
What are the prime factors of 8111590?
2, 5, 29, 83, 337
List the prime factors of 13457265.
3, 5, 421, 2131
List the prime factors of 1029413937.
3, 17, 41, 43, 107
List the prime factors of 474206647.
113, 479, 8761
What are the prime factors of 669551135?
5, 11, 12173657
List the prime factors of 297446734.
2, 13, 1427, 8017
List the prime factors of 120166977.
3, 7, 1277, 4481
What are the prime factors of 107385692?
2, 37, 725579
What are the prime factors of 145723243?
145723243
List the prime factors of 3481350948.
2, 3, 3637, 8863
What are the prime factors of 572191164?
2, 3, 587, 27077
What are the prime factors of 119823782?
2, 13, 4608607
What are the prime factors of 11327861?
491, 23071
List the prime factors of 4488940569.
3, 109, 13727647
List the prime factors of 381353815.
5, 53, 1439071
What are the prime factors of 45261332?
2, 23, 101, 4871
What are the prime factors of 305363073?
3, 101787691
What are the prime factors of 899745975?
3, 5, 43, 10333
List the prime factors of 1222143049.
1222143049
List the prime factors of 347401404.
2, 3, 7, 271, 5087
List the prime factors of 138046274.
2, 277, 249181
What are the prime factors of 2207264505?
3, 5, 147150967
What are the prime factors of 14880647?
409, 36383
List the prime factors of 36129719.
727, 49697
List the prime factors of 24427248.
2, 3, 508901
List the prime factors of 394679998.
2, 197339999
What are the prime factors of 3942117455?
5, 37, 103, 443, 467
What are the prime factors of 256120624?
2, 103, 155413
What are the prime factors of 89272157?
13, 31, 37, 5987
List the prime factors of 2105157061.
7, 42962389
What are the prime factors of 17080323?
3, 13, 59, 571
What are the prime factors of 493579455?
3, 5, 3467, 9491
What are the prime factors of 161357115?
3, 5, 17, 632773
What are the prime factors of 1823979198?
2, 3, 17, 359, 49811
List the prime factors of 1373704405.
5, 274740881
List the prime factors of 1152457642.
2, 7, 17, 23, 210533
What are the prime factors of 129970460?
2, 5, 29, 331, 677
What are the prime factors of 66372553?
13, 392737
List the prime factors 